). What is the highest common factor of b and 6?
3
Suppose 0 = 2*u - 3*h + 16, 5*u - 4 = 3*u - 2*h. Let j be -2 + 18*u/(-4). Suppose -3 = -x + j. Calculate the greatest common divisor of 5 and x.
5
Let b = -42 + 69. Calculate the greatest common divisor of b and 54.
27
Let g be 6/3*(-2)/4. Let w = g + 3. Suppose 2*d + 0*q + w*q = -2, -5*d = -5*q - 25. Calculate the highest common divisor of d and 2.
2
Let h = 97 - 81. Calculate the greatest common factor of 144 and h.
16
Let c be (46/(-8))/(5/(-100)). Suppose -6*u = -u - c. What is the highest common divisor of u and 23?
23
Let r(c) = 3*c - 27. Let y be r(16). What is the highest common divisor of y and 42?
21
Let f(a) = -a**3 + 2*a**2 + 4*a + 3. Let p be f(-2). What is the greatest common factor of 55 and p?
11
Let y be -7*(-2 + -3 + 4). Let m(b) = b**3 - 2*b**2 + 3*b - 4. Let h = 9 + -6. Let l be m(h). Calculate the greatest common divisor of l and y.
7
Let p be ((-2)/(-4))/((-6)/348). Let c = p + 43. What is the greatest common divisor of c and 35?
7
Let a = -69 - -157. Calculate the highest common factor of a and 11.
11
Suppose 5*y - 12 - 18 = 0. Let b(s) = -s**2 + 8*s + 5. Let u be b(y). Let c be 171/2 - 1/2. What is the highest common divisor of c and u?
17
Let b(y) = -y - 11. Let z be b(-11). Suppose z = 4*t + 5 - 25. Calculate the greatest common divisor of t and 35.
5
Suppose -22 + 1 = -3*v. Let p = 2 - v. Let f(d) = 2*d**2 + 6*d - 4. Let r be f(p). Calculate the greatest common factor of 112 and r.
16
Let r be (-1)/(-5) - (-218)/10. What is the greatest common factor of r and 33?
11
Let s(q) = q**2 + 2*q - 1. Let z be s(1). What is the highest common factor of 18 and z?
2
Let j(k) = -70*k**3 - k - 1. Let d be j(-1). What is the greatest common factor of d and 20?
10
Let n(r) = 4*r**2 - 2. Let t be n(-2). What is the highest common divisor of t and 14?
14
Suppose 84 + 12 = 4*b. Let h = 37 - b. Calculate the highest common factor of h and 26.
13
Suppose 0 = 5*v - 7*v + 112. What is the highest common factor of 140 and v?
28
Let g(i) = -i**3 + 6*i**2 - i + 7. Let z = -4 + 10. Let u be g(z). Calculate the greatest common divisor of 7 and u.
1
Suppose -d + 2*q - 5 = 0, 2*q + 10 = -3*d + 7*q. What is the greatest common factor of d and 35?
5
Let d be -4*-5*2/8. Suppose 4*r + r - d = 0. Let t be (r + 14)/((-15)/(-100)). What is the greatest common factor of 10 and t?
10
Let y be (-13)/(-3) - (-3)/(-9). Let c = 0 + y. Suppose -c*h = -8 - 72. Calculate the greatest common factor of 2 and h.
2
Suppose 4*j - 14 - 14 = 0. Calculate the greatest common factor of j and 77.
7
Suppose -3*p + 0*p + 54 = 0. What is the greatest common divisor of 6 and p?
6
Let n be 9/(-6)*(-4)/(-2). Let d be 6/n*117/(-2). What is the greatest common factor of d and 13?
13
Suppose -20 = 5*m, -4*b + 9*b = m + 229. What is the greatest common divisor of b and 18?
9
Let x(p) = -6*p + 36. Let j be x(-7). What is the greatest common divisor of 13 and j?
13
Suppose 5*m + 3*r = 2*r + 21, r = -m + 1. Calculate the greatest common divisor of m and 55.
5
Suppose -5*l - 2*w + 109 = 2*w, -5*w + 5 = 0. Suppose 2*z = -z - l. Let c be 2/(-7) - 100/z. Calculate the greatest common factor of c and 14.
14
Let x(j) = j**3 - 4*j**2 - 8*j. Let u be x(6). Calculate the greatest common factor of u and 96.
24
Let u(a) = 0 + 6*a - 2*a + 1 + 3*a**2. Let v be u(-4). Suppose s + 9 = v. What is the highest common divisor of 3 and s?
3
Let n be ((-2)/(-3))/((-2)/(-9)). Suppose 0*t - 168 = -n*t. What is the highest common factor of t and 7?
7
Let a = -51 - -169. Let s = a + -46. What is the highest common factor of 8 and s?
8
Suppose 5 = -3*n + 26. Let k be n*6/((-3)/(-1)). Suppose q + 7 = 5*f, 3*q + 2*f - k = 2*q. Calculate the greatest common divisor of 56 and q.
8
Let c = 49 + -35. Calculate the highest common divisor of 126 and c.
14
Let g be (6 + -1)*(-2)/(-2). What is the greatest common factor of 15 and g?
5
Let u = -52 - -62. What is the greatest common divisor of 130 and u?
10
Let i be -3 - -3 - (-2)/(-2). Let f be -32*2/2*i. Suppose 2*v = -0*v + f. Calculate the highest common factor of v and 128.
16
Let h = -6 - -5. Let n(k) = 439*k**2 + 1. Let a be n(h). Suppose -4*d - d = -a. Calculate the highest common divisor of d and 8.
8
Suppose 5*z - 208 = -2*k, 0*k + 4*k - 206 = -5*z. Calculate the highest common divisor of 6 and z.
6
Let a(h) = h**3 + 4*h**2 + 4*h + 2. Let r be a(-2). Suppose 3*s = -r*s + 120. What is the highest common divisor of 48 and s?
24
Let c(l) = -l**3 - l. Let x be c(0). Suppose x = 4*n + 6*b - 3*b + 4, -b - 4 = 0. Calculate the greatest common divisor of n and 10.
2
Let g be (-2 - 0)*(-78)/4. Let d be 11 - -6 - 8/2. What is the highest common divisor of g and d?
13
Let i(a) = -a + 2. Suppose 4*f = -3*w - 13, 4*w = -5*f + f - 20. Let n be i(w). Calculate the greatest common divisor of n and 1.
1
Suppose o - 5*r = 6*o - 15, 5*o - 5*r = 5. Suppose 0 = o*x - 65 - 61. Suppose -2*d = 3*g - 15, 3*g + 5 = 2. Calculate the highest common divisor of d and x.
9
Suppose 4*d - 2*b - 310 = 0, 0 = -0*d + 3*d - 3*b - 225. Suppose -2*o + 23 = 5. Let q be 6/(2/(60/o)). Calculate the highest common factor of d and q.
20
Let c be (-22)/77 - 1266/(-21). Calculate the greatest common factor of c and 15.
15
Let k = 102 - 95. Suppose 2*u + 3*i - 152 = 0, -u - 2*u + 3*i + 198 = 0. Suppose 4*t - u = 2*t. Calculate the greatest common factor of t and k.
7
Let d be 2 + (0 - 4) + 5. Suppose -3*m + 2*r = -106, -d*m + m = 3*r - 75. Calculate the greatest common factor of m and 9.
9
Let w = 5 - 3. Suppose -81 + 1 = -5*q. What is the highest common factor of q and w?
2
Suppose -3*f + 2*g = f - 144, -4*g = 4*f - 144. Calculate the highest common factor of 252 and f.
36
Let f = -25 - -18. Let g = 38 + -24. Let x = g + f. Calculate the greatest common factor of x and 56.
7
Let i(d) = 0*d - d - 3 + 4*d. Let b be i(2). Suppose -5*t + n = -31, -b*t = 2*n - n - 17. Calculate the highest common factor of t and 48.
6
Suppose -4*d - v = -0*v - 11, -3*d - v + 8 = 0. Let z(c) = c**3 - c + 1. Let y be z(1). Calculate the highest common divisor of d and y.
1
Suppose 2*t + 0*t - 10 = 0. Suppose 0 = -2*z + 4*z - 2. What is the greatest common factor of z and t?
1
Let p(r) = r**2 + 3*r + 5. Suppose 4*l + 2*i = -6, 24 = -2*l + 3*i + 1. Let x be p(l). Calculate the greatest common divisor of x and 3.
3
Suppose 7 - 83 = -4*t. What is the highest common divisor of 152 and t?
19
Let x be ((-20)/(-15))/(1/(-12)). Let b be x/12*(-8 + -1). Let a = 22 + -10. Calculate the greatest common divisor of b and a.
12
Let b(u) = 6*u**2 - 12*u + 15. Let i be b(10). Suppose 4*v = i - 175. Let s(h) = 8*h. Let w be s(2). Calculate the highest common divisor of v and w.
16
Let q be (-4)/(-14) + 66/14. Calculate the highest common divisor of 5 and q.
5
Let p be 4/(-10) + (-312)/20. Let w = p + 28. Let h be (64/(-10))/((-6)/45). What is the greatest common divisor of w and h?
12
Suppose -2*b = -4*b + 20. Suppose b = -4*y + 42. Suppose -35 = 3*c - y*c. Calculate the highest common divisor of 7 and c.
7
Suppose 0*o + 5*o + 2*u - 36 = 0, 0 = -4*o - u + 27. Suppose -2*k + 14 = 2*b, 4*k - 1 - o = 3*b. Calculate the greatest common factor of k and 36.
4
Let b(o) = 5*o**2 - 10*o. Let l be b(8). Calculate the greatest common divisor of l and 24.
24
Suppose -2*t + 4*g + 1 + 15 = 0, 3*g = 2*t - 15. What is the greatest common divisor of 24 and t?
6
Suppose -d - 165 = -4*d. Let k = d - -49. Calculate the highest common divisor of 13 and k.
13
Let j = 16 + -7. Let p = 10 - j. What is the greatest common factor of p and 11?
1
Let b be 1*2*8/(128/184). Let k(w) = 5*w**3 - 6*w**2 + 3*w - 6. Let j be k(4). What is the greatest common divisor of j and b?
23
Let c(a) = -a**2 - a + 1. Let x be c(0). Let k(n) = 23*n**3 - n + 1. Let d be k(x). Suppose -d + 74 = 3*p. Calculate the highest common divisor of 119 and p.
17
Suppose c - 4*c + 21 = 0. Suppose -l - 3 = -4*l. What is the highest common divisor of l and c?
1
Let o(p) = p**3 - 3*p**2 + 3*p. Let y be o(2). Let z(n) = -n**3 + 8*n**2 + 6. Let l be z(8). Calculate the highest common divisor of l and y.
2
Let m = -2 + 7. Suppose 2*z - j = -0*z + 38, -3*z + m*j = -43. What is the greatest common factor of z and 168?
21
Suppose 4*h + 2*b - 3*b - 350 = 0, 2*b